 -2) + -28 + -34
-9
What is the value of (-11 - (2 - 4)) + -11?
-20
Calculate -47 + (9 - 7 - -24).
-21
What is -4 - ((8 - 1) + 172 + -217 + 4)?
30
-11 + (9 + 16 - 20)
-6
3 + -13 - (-16 + 20 - 33)
19
What is -12 + 16 + -13 + -3?
-12
Calculate 27 + -30 + 16 + -4 + 0.
9
Calculate 1 - ((4 + -4 - -7) + -12) - -7.
13
Calculate (-11 - -10) + 4 + (0 - 0).
3
Calculate (2 - 0) + (25 - 31) - (-1 - -1).
-4
Evaluate 27 - (-12 + 28) - 12.
-1
Calculate 8 + (2 - 10) - -8 - -5.
13
Calculate (14 + -2 - (62 - 67)) + -6.
11
Calculate -6 + (21 + -11 - 4 - 8) + 14.
6
Calculate (24 - 13) + -23 - 2.
-14
What is -1 - (3 + (0 - 5) - 13)?
14
What is 8 + 2 + -3 + (476 - 466)?
17
Calculate -93 + 93 + (3 - 13).
-10
What is the value of (-1 - 21) + (920 - 862)?
36
-1 + 1 + 0 + (-8 - (0 - -3))
-11
Calculate -13 - -1 - (-62 - -40).
10
What is the value of -18 - (-23 - (7 + -2))?
10
Evaluate 6 + (15 - 13) + 5 + -25 - -7.
-5
-7 + (-11 - (-29 - -24 - (-5 - 1)))
-19
Calculate 3 - 3 - (5 + -13 + 7 + -5).
6
What is the value of -32 + 10 - (3 + -15) - (1 + 2)?
-13
Evaluate -28 - (20 + -8 - 31).
-9
What is -15 + (21 - 14 - 21) + 3 + -2?
-28
Calculate 9 - ((11 - 6) + -15 + 21).
-2
Evaluate -59 + 49 + 0 + (3 - -1 - 1).
-7
What is the value of -28 + 39 + (-16 - -26)?
21
What is -4 - -11 - (2 - (12 - 2))?
15
Evaluate 3 - 6 - -9 - (-14 + 72 + -17).
-35
What is -36 + 39 + 15 + (9 - -1)?
28
What is the value of -13117 + 13106 + 1 + (0 - 1)?
-11
(16 + 5 - 12) + 4
13
Evaluate 554 + -559 - (0 + (-9 - -1)).
3
Calculate (18 - -4 - 8) + -6 - 7.
1
What is (15 - 8) + -34 + 42 + -1 + 1?
15
What is the value of (1 - 0 - 11) + -22 + 51?
19
7 + -10 + 13 + 7
17
What is the value of -7 + 2 + -2 + 11 - 20?
-16
What is the value of (1 + -4 - -10) + 2 + -2?
7
Evaluate -15 + (21 - 34) + 19.
-9
Evaluate -6 + (-9 - (9 - (16 + -1 - 8))).
-17
Calculate -10 - -19 - -10 - (3 + -3 + 6).
13
What is the value of -4 - (3 + 8 + -3 - 1)?
-11
(2 - (-7 - -29)) + 6
-14
What is -6 - -24 - 6 - (-3 + 0 + 6)?
9
Calculate 20 + (-59 - (-2 - 13)).
-24
Calculate -30 + (-1 + 41 - 36).
-26
-12 + 5 + (26 - 24)
-5
What is -5 + -8 + 37 + 6 + 2 + -16?
16
21 + (23 + -12 - 27)
5
6 - (4 + -1 - ((-4 - -1) + 1))
1
What is -4 + 1 + -3 + (4 - -1) - -3?
2
What is the value of (-11 - (27 + -66)) + (-12 - -5)?
21
What is -6 + 9 + 0 + -8 + 17?
12
What is the value of 4 + (-27 + 28 - (-1 + -4))?
10
Calculate 11 + -3 + (-13 - -2).
-3
Evaluate -5 - -8 - (9 + 8 + (-2 - 1)).
-11
What is (0 - (8 + -14)) + -4?
2
What is 6 + (-104 - -96) + (7 - (1 - 0))?
4
Evaluate 1 - -1 - (-39 + 36) - 4.
1
What is the value of 7 + -1 + (-2 - 11) + 17?
10
Calculate (83 - 22) + -27 - (0 - 3 - -9).
28
What is -10 + 11 + 7 + -12?
-4
(5 - (6 + (-9 - -11))) + 7
4
What is 39 + -20 + -15 - 16?
-12
Evaluate -2 - ((6 - 4) + -8 - 8).
12
1 + 1 + (10 - (-7 - (-11 + -8)))
0
What is the value of (-20 + 41 - 1) + -32?
-12
Calculate 36 + -28 + 8 - -2.
18
Calculate (-3 - 3) + -23 + (-13 - -31) + -22.
-33
Evaluate 14 - ((-2 - -16) + 0).
0
What is 5 + -36 + 53 + (-11 - (-2 + -2))?
15
Calculate -8 - (-29 + -3 + 11) - -7.
20
What is 7 + 9 + (10 - 19) + 5?
12
Evaluate (0 - 4) + (-20 - -36 - 17).
-5
What is the value of 53 + (-3 - -32 - 50)?
32
What is the value of 2 - (12 - (14 + -21))?
-17
What is the value of (-2 - 6) + 2 - (-8 + -2) - 7?
-3
What is -20 + (28 - (-1 + 5))?
4
Calculate 24 + -37 + (5 - (-4 - -7)) + 3.
-8
What is (-5 - -2 - (2 + -2)) + 4?
1
What is 5 - (-2 + -10 - -42 - -10)?
-35
Evaluate (-30 - (11 + -59)) + -45.
-27
Calculate -6 - (-17 + 13) - (9 + 2).
-13
What is the value of 124 + -103 - (0 - (-4 - -3))?
20
8 - 2 - (119 + -121)
8
Calculate 6 - (14 - ((10 - 11) + -10)).
-19
Evaluate -5 + 2 + -3 + 2.
-4
What is 6 + -3 + -11 - (-14 + 13)?
-7
What is the value of -26 + (-6 - ((-2 - 17) + 3))?
-16
What is the value of -15 - (-8 - (-7 - -24))?
10
Calculate 11 + 28 + -58 + (7 - 0).
-12
What is 8 - (6 - (-8 + 0))?
-6
Evaluate (-4 - 1) + 54 + -54.
-5
Calculate (238 - 249) + (0 + 4 - (-1 - -2)).
-8
Calculate -3 - 10 - (-2 - 0) - (-3 - 4).
-4
What is the value of 1 + (-1 - -18 - 7)?
11
Calculate -9 + (46 - 27 - 0).
10
Calculate 5 + (-6 - -1) - (-10 - (0 + -9)).
1
Calculate (9 - (8 + -2 - 0)) + -7.
-4
What is the value of -4 - (1 + 0 - (60 - 39))?
16
What is -29 - (-17 + 3 + 10 + -6)?
-19
Calculate (-3 - 2) + 0 - -6 - (0 + 12).
-11
-14 + -13 + (5 - -9) + -6
-19
What is the value of -37 - ((15 - 13) + -22)?
-17
9 - -1 - (42 - (3 - -7))
-22
Calculate (9 - 11) + (1 + 4 - 0).
3
What is the value of -34 - (-30 - -25) - -9?
-20
What is (-43 - -12) + -8 - 1?
-40
What is -2 + (-7 + 3 - -4) - (-42 - -57)?
-17
385 + -433 + -1 + 0 + 19
-30
What is the value of 2 - ((14 - 2) + -10 - (10 - -1))?
11
What is -12 - (-21 - (-17 + 18))?
10
Evaluate -37 + (-1 + -20 - -50).
-8
Evaluate 12 - (0 - (-17 + (-4 - 9))).
-18
5 - (-34 + 8) - (-13 + 25)
19
What is the value of -30 + 43 - (-3 + 8 - -9)?
-1
What is 10 - (17 + -1 - -9)?
-15
What is the value of 8 + -6 + -6 - (10 + -2)?
-12
What is 1 + 3 + 156 + -139 + -10 + -2?
9
What is the value of -5 + 3 - (1 + 4 + -9)?
2
Calculate 30 - 15 - (1 - 0).
14
Calculate -3 - (5 + (4 - 1) + -13).
2
10 + (0 - -7) - 12
5
What is -5 + -1 + -6 + 11 + 2 + 1?
2
What is 4 - (-6 + 24 + -4) - -10?
0
Calculate -62 + 31 - 7 - -8.
-30
Evaluate -9 + (23 + -30 - -17).
1
104 + -78 + -2 + -7
17
Evaluate (-13 - (4 + -14)) + (15 - -6).
18
Calculate 10 + (167 - 173 - (1 + 30)).
-27
What is (5 - (2 - 9)) + -1 + -25?
-14
(0 - 3) + (15 - (20 + -6) - 21)
-23
What is -175 - -162 - (5 - (44 - 3))?
23
Calculate 8 + 7 - 6 - ((0 - -2) + -3).
10
(4 - 0) + (-8 - -3) + (-1 - -6)
4
Evaluate -34 + 45 + -2 + 7 + -23.
-7
Calculate 7 + 1 + (-7 - -32) + -18.
15
What is (-7 + 2 + 7 - 4) + 9 + -13?
-6
What is 9 + -1 + 6 + (-14 - (-15 - -8))?
7
Calculate -6 + (0 - (-4 - -16 - 0)).
-18
Evaluate -1 + (1 - (-15 + 9)) + -5.
1
What is (-8 - (-40 + 34 - (-5 + -1))) + 16?
8
What is -18 - (11 - 13) - -15?
-1
18 + (8 - 32) + (-2 + 1 - 4)
-11
-20 - -10 - -37 - ((4 - -2) + -8)
29
-13 + -5 + -20 + 45
7
What is the value of -8 + 9 + 14 + -12?
3
Calculate 9 - -6 - (8 - 16 - -14).
9
What is the value of -1 + -7 - ((-27 - -9) + -4)?
14
Evaluate -20 + 27 + (-10 - 2 - -1) + 2.
-2
(-22 - 0) + -18 + 18
-22
Evaluate -13 + 2 + 11 + -1 + (-99 - -108).
8
Calculate 30 + (14 - (-4 + -11 + 31)).
28
What is 1 + 5 + -14 + -19 + (5 - -17)?
-5
Calculate 4 - (6 + -7 - -6).
-1
What is the value of 5 + (3 - -3 - 5 - (-1 - -2))?
5
Evaluate (3 - (1 + -2 - 28)) + -10 + 2.
24
What is -32 + -5 + (-106 - -128)?
-15
Calculate 12 + (0 - -2) + -1 + 0.
13
Calculate 2 + (2 - -35) - (-2 - 6 - -10).
37
What is the value of -3 + 9 + 9 - 30?
-15
Calculate (-5 - 3) + -5 + (-3 - -15) + -8.
-9
Evaluate (1 - (-4 - -8)) + (-5 - 0) + -1.
-9
Evaluate 31 + -10 + -17 - (-5 - -9).
0
Evaluate -4 + -44 + 46 + 0 + -16.
-18
What is (28 - 15) + -38 + (-1 - -2)?
-24
-140 - -129 - (-21 + -1)
11
-2 + (-2 - 0 - -4) - (1586 + -1583)
-3
What is the value of 22 + -14 + 9 - (28 - 6)?
-5
5 - (17 + 4) - (-3 - (7 - 3))
-9
What is -5 + -9 + 2 + 16?
4
Evaluate 4 - 0 - ((1 + -8 - -4) + 17).
-10
What is the value of 18 - (-17 - (-20 - 19))?
-4
What is the value of 34 - (74 + 33 + -40)?
-33
-1 + (-7 - ((4 - (1 + 3)) + -8))
0
What is the value of -7 - (9 + -7 + -1 + -2)?
-6
What is the value of -6 + -14 + 10 - -33?
23
What is (46 - 55 - -18) + -2 + -1 + 1?
7
-6 - -5 - (-47 + 32)
14
What is the value of -22 + -2 + 15 - (-34 + -8)?
33
What is -9 - (1 + 0 + -3) - (107 - 88)?
-26
Evaluate -100 - -102 - (-2 - 0).
4
Calculate 0 + 16 + (-184 - -191) - 2.
21
16 - (31 + -11) - ((0 - 1) + 0)
-3
(-19 - (-2 + 1)) + (-35 + 24 - -17)
-12
Calculate -14 + 0 + -21 + -64 + 99.
0
Calculate (7 - 10) + 21 + -11 + -7 + 1.
1
Evaluate 9 + (-6 - ((-1 - -3) + -10)).
11
What is the value of (6 - (13 - 6)) + 17 + -1?
15
Calculate (0 - (11 - 20)) + -5 + (13 - 1).
16
Evaluate 17 + (4 - 2) + -3 - (314 + -312).
14
What is (-7 - (-8 + -7 - -8)) + 13?
13
What is (5 - (-8 + 5)) + (-15 - 1)?
-8
Calculate -6 + (-7 - (1 + -15) - 11) + 4.
-6
What is the value of -345 + 327 + (-3 - (3 + 0))?
-24
What is the value of (-65 - (15 - 57)) + 32?
9
Evaluate -4 + 0 + (-30 - -20) - -8.
-6
54 - 29 - -15 - 10
30
What is the value of (-16 + 2 - -13) + 13 - 41?
-29
-1 - (-33 - -70) - -18
-20
What is the value of 8 + (6 - 8) - (-27 + 23) 